29
Let f = 345 + -233. Let l = f + -56. What are the prime factors of l?
2, 7
Let h(f) = f**3 - 5*f**2 - 5. Let d be h(7). Let v = d + 21. Suppose -4*n + n + v = 0. What are the prime factors of n?
2, 19
Let z = 449 + 328. What are the prime factors of z?
3, 7, 37
Let m = -230 + 510. Suppose -m = -5*g - 5*c, g - 21 = 5*c + 65. List the prime factors of g.
61
Let h(m) = m**3 - 64*m**2 - 5*m - 155. What are the prime factors of h(65)?
5, 7, 107
Let n(h) = h**2 + 4*h + 2. Let l be n(-4). Suppose g + 5*q + 95 = -l*g, 0 = -g - 2*q - 33. List the prime factors of 4/((-4)/g) + 2.
3
Let g(l) = -44*l + 35. Let f(q) = -66*q + 53. Let z(h) = 5*f(h) - 8*g(h). List the prime factors of z(7).
139
Let i(o) = 3*o**2 + 3*o - 2. Let w(b) = -6*b**2 - 6*b + 3. Let p(x) = 7*i(x) + 4*w(x). Let j be p(-2). What are the prime factors of ((-10)/j)/(11/132)?
3, 5
Let n(l) = -l + 15. Let k be n(9). Let a be ((-4)/k)/(8/84). What are the prime factors of (-9 + 13)*a/(-4)?
7
Let o = 11 - 7. Suppose o*a - 144 = 80. List the prime factors of (-102)/(-8)*a/21.
2, 17
Suppose 19*i - 507 = 861. List the prime factors of i.
2, 3
Suppose -18*a + 37979 + 13645 = 0. List the prime factors of a.
2, 3, 239
Let b = 27 - -9. What are the prime factors of (-2763)/(-21) - (b/14 - 2)?
131
Let s = 94 - 95. Let p(g) = 186*g**2 - 4*g - 4. What are the prime factors of p(s)?
2, 3, 31
Suppose -7*o = -14*o + 15029. List the prime factors of o.
19, 113
Let f = -1728 + 4062. What are the prime factors of f?
2, 3, 389
Let r(q) = 165*q + 7. What are the prime factors of r(9)?
2, 373
Let o = -4 - -4. Suppose o = 2*q + 2*q - 8. Suppose 10 = 4*l - q*a, 0 = -5*l - 3*a + 26 + 14. List the prime factors of l.
5
Let y(x) be the first derivative of 3*x**2/2 - 31*x - 11. What are the prime factors of y(14)?
11
Let k = 2644 - -378. List the prime factors of k.
2, 1511
Suppose 3*h + 1 + 9 = 2*m, -2*h = 5*m - 25. Suppose -3*x = -y + 51, y = x + m + 14. Let d = x - -30. What are the prime factors of d?
2, 7
Let x(p) = -6 + 4*p + 2 - 3*p + 2*p. Let d be (3/(-2))/(4/(-24)). What are the prime factors of x(d)?
23
Let k = 1231 + -711. What are the prime factors of k?
2, 5, 13
Suppose -4*o - 4 - 4 = 0, 4*y + 4*o - 9560 = 0. What are the prime factors of y?
2, 13, 23
Suppose 3*g + 9 = -w, 4*w + 8 = 5*g - 10*g. Let z(r) be the second derivative of r**4/4 - r**2 - 324*r. What are the prime factors of z(w)?
5
Let v(z) = -1 - 7 + 4 - 4*z + z**3 + 5*z + 4*z**2. What are the prime factors of v(-2)?
2
Suppose 24*t + 26403 = 37*t. List the prime factors of t.
3, 677
Let z = 1205 - 882. What are the prime factors of z?
17, 19
Let u = -10 + 15. Suppose 21 = 5*h + u*j - 39, 3*h = j + 24. List the prime factors of 48/h + 4/6.
2, 3
Let n be -5 + 2*2/(-1). Let a(f) = -f**2 - 13*f - 1. Let x be a(n). Let h = -33 + x. What are the prime factors of h?
2
Suppose o = -2*c + 7, o = c + 2*o - 5. Suppose -c*b + 81 = -73. List the prime factors of b.
7, 11
Let t = -1621 - -3448. What are the prime factors of t?
3, 7, 29
Suppose 34*m = -m + 26985. List the prime factors of m.
3, 257
Suppose g = -2*p + 10, -5*p + 25 = -0*p. Suppose 4*o + g*d = -2*d + 242, o + 3*d - 73 = 0. Let y = o - 40. What are the prime factors of y?
2, 3
Let v(d) = -73*d + 5*d - 2 + 1. Let m be v(-2). Suppose -4*h + m = 47. What are the prime factors of h?
2, 11
Let h = 64 + -40. Let o(a) = 3*a - 1. Let g be o(-1). Let t = h + g. List the prime factors of t.
2, 5
Suppose 9*l = 23*l + 4648. Let i = -108 - l. What are the prime factors of i?
2, 7
Let n = -4 - -13. List the prime factors of (n + -8 + 4)/1.
5
Suppose 2*w - 24 = d - 6, -2 = -w + 4*d. Suppose -w*j + 367 = -563. List the prime factors of j.
3, 31
Let o = 483 + -232. Let c = o + -166. List the prime factors of c.
5, 17
Let t = 807 + 469. List the prime factors of t.
2, 11, 29
Let p = 611 - 382. Suppose -4*w + 151 = 2*o - p, 5*o = -4*w + 938. What are the prime factors of o?
2, 3, 31
Let s = 583 - -891. List the prime factors of s.
2, 11, 67
Suppose 338 = 3*j - 6*c + c, 4*j = -4*c + 472. Let k = 162 - j. List the prime factors of k.
2, 23
Let o(n) be the second derivative of 3*n**5/4 + n**4/4 - n**3/3 - n**2/2 + 6*n. Let y be o(2). Let i = y + -82. What are the prime factors of i?
3, 5
Let r(b) = 1 + 29*b - 16 - 8 + 6. What are the prime factors of r(8)?
5, 43
Suppose -4*w = 4*l + 12 - 28, -2*w + 18 = -3*l. What are the prime factors of 3/(w/110) - -1?
2, 7
Let t = -74 + -262. What are the prime factors of 1 + ((-6)/(-8))/((-6)/t)?
43
Suppose 5*p - 5*f - 7587 = 1653, -f = -2. List the prime factors of p.
2, 5, 37
List the prime factors of 96/288 + 23032/6.
11, 349
Let i(d) = -62*d - 6. Let l be i(1). What are the prime factors of 1*l/(-4)*6?
2, 3, 17
Let k(m) = 2*m - 29. Let p be k(21). Let h = p + 98. List the prime factors of h.
3, 37
Suppose -2*n + 60 + 846 = 0. List the prime factors of n.
3, 151
Suppose -4*k = -u - 60, k + 60 = 5*k - 5*u. What are the prime factors of 12/6*k/6?
5
Let t = 92 - 84. Suppose 4*c = -t, 35 = 5*n - 5*c - 35. What are the prime factors of n?
2, 3
Let u = -522 - -921. Suppose u = 5*f + 3*p - 0*p, 81 = f + p. What are the prime factors of f?
2, 3, 13
Let d(q) = 2*q - 3. Let p be d(4). Let h(c) = -5*c**2 + c + 6. Let w(u) = -7*u**2 + 2*u + 6. Let v(x) = 4*h(x) - 3*w(x). List the prime factors of v(p).
3, 7
Let w(v) = -v**3 + 4*v**2 + 2*v - 1. Let h = 15 + -18. List the prime factors of w(h).
2, 7
Let b(j) = -j**2 + 12*j - 8. Let l be b(11). Suppose -3*y = -4*k + 311, 197 = l*k + 2*y - 32. List the prime factors of k.
7, 11
Let p(u) = 2 - u - 2*u**3 - 5*u**3 - 7*u**2 + 5 + 2*u**3. Let s(w) = -9*w**3 - 13*w**2 - 2*w + 13. Let l(n) = 11*p(n) - 6*s(n). List the prime factors of l(-2).
3
Let z(y) = 2*y**2 + 7. Let q be z(0). Suppose q*o - 1246 = -245. List the prime factors of o.
11, 13
Suppose -56*v + 1625 = -51*v. List the prime factors of v.
5, 13
Suppose 3*q = 8*q + 5. Let v be q/(4/(7 + -3)). What are the prime factors of 1*((8 - v) + 0)?
3
Let q = -1582 - -4914. What are the prime factors of q?
2, 7, 17
List the prime factors of 2/(-16)*0 - -142.
2, 71
Let o = -41 + 60. Let x = o - 26. Let i(q) = q**3 + 8*q**2 + 4*q + 8. What are the prime factors of i(x)?
29
Suppose 6 = -8*z + 11*z. Suppose 54 = z*p - 130. List the prime factors of p.
2, 23
Suppose 2 = -o - 0. Let z = o - -18. List the prime factors of z.
2
Let z = 21 - -167. Let o = z + 74. What are the prime factors of o?
2, 131
Let a(v) be the first derivative of 2*v**3/3 - 3*v**2 + 5*v + 2. What are the prime factors of a(6)?
41
Let g(t) = 13*t - 23. Let d be g(8). Let b = -52 + d. List the prime factors of b.
29
Let o = -29 - -11. List the prime factors of (-4)/o - 4038/(-54).
3, 5
Suppose 6363 = j + 2*d, 3*j - 7422 = -2*d + 11655. List the prime factors of j.
3, 13, 163
Let v(k) = 233*k**2 - 4*k + 5. List the prime factors of v(2).
929
Let f = 16 + -12. Suppose -f*j = -0*j - 116. Suppose p + j = 2*p. List the prime factors of p.
29
Let a = -28 + 26. What are the prime factors of 1/(3/(-150)*a)?
5
Let c(u) = 12*u**2 + 28*u - 13. What are the prime factors of c(-8)?
3, 59
List the prime factors of 3/(-6) + 5229/14.
373
Suppose -4*h - 4750 = -29*h. What are the prime factors of h?
2, 5, 19
Let p(c) be the first derivative of 17*c + 1/3*c**3 - 1/2*c**2 + 1 + 1/4*c**4. What are the prime factors of p(0)?
17
Let v(k) = 31*k**3 + 3*k**2 - k + 2. What are the prime factors of v(2)?
2, 5, 13
Let r(y) = -y**2 - 7. Let c be r(3). Let b = c + 98. List the prime factors of b.
2, 41
Let r = -255 + 508. What are the prime factors of r?
11, 23
Suppose -5*l = -22 + 7. Suppose 4*f = 5*a - 530, 2*a - l*f + 565 = 7*a. What are the prime factors of a?
2, 5, 11
Let o(t) = -t**3 + t - 24. Let d be o(0). Let s = -18 - d. Suppose 4*a = j + s*a - 65, -j + 3*a + 45 = 0. List the prime factors of j.
3, 19
Let p(k) = -5*k**3 - k**2 - k - 1. Let h be p(-1). Suppose h*t - 46 = 4*n - 10, -2*t - 4*n = 0. List the prime factors of 4/t + (-80)/(-6).
2, 7
Suppose -f = i - 3, -3*f + 6*f = 3. Let v = i + 6. What are the prime factors of 2*4/v*7?
7
Suppose -32*b - 11791 = -48911. List the prime factors of b.
2, 5, 29
Let c = -29 + 33. Suppose -b - 3*o = -266, -b - 3*o + c*o = -270. List the prime factors of b.
269
Suppose 3*k = 3*h + 9 + 72, 5*h + 113 = 4*k. L